s -61 - -15?
-49
In base 4, what is 12222 - -1?
12223
In base 5, what is -10 + -2404?
-2414
In base 11, what is -2 - -77?
75
In base 5, what is -20200 - 10?
-20210
In base 14, what is 14 + -40?
-2a
In base 11, what is -6089 + -2?
-6090
In base 2, what is -10111 - -100?
-10011
In base 7, what is -2 - -2212?
2210
In base 14, what is -4 - -21?
1b
In base 6, what is 353 - 30?
323
In base 16, what is -4 + 29a?
296
In base 3, what is -2 - -12101102?
12101100
In base 13, what is 1641 - 3?
163b
In base 15, what is -5 + -1ae?
-1b4
In base 2, what is 1010 - -110111?
1000001
In base 11, what is -27 - -8?
-1a
In base 4, what is 11 - 1012?
-1001
In base 12, what is 21 + 13?
34
In base 16, what is -4 - -19?
15
In base 12, what is 17 - 15?
2
In base 3, what is 101 - -1111?
1212
In base 9, what is -3 - -161?
157
In base 15, what is 189 - -1?
18a
In base 4, what is -33200 + 21?
-33113
In base 15, what is c + -bbb?
-bae
In base 16, what is -71 + 44?
-2d
In base 4, what is -1001 + 3?
-332
In base 6, what is 3 + 22?
25
In base 15, what is -71c + -7?
-724
In base 13, what is 8 + -23?
-18
In base 14, what is 2bd2 - -3?
2bd5
In base 4, what is 3 + 1032?
1101
In base 3, what is 12121 + -212?
11202
In base 11, what is 63 - -12?
75
In base 10, what is -711 + -4?
-715
In base 7, what is 6 + -204?
-165
In base 7, what is -50 + -214?
-264
In base 7, what is -2 + -1446?
-1451
In base 6, what is 40 - 222?
-142
In base 15, what is -da - -2?
-d8
In base 12, what is 38 - 34?
4
In base 10, what is 700 + 2?
702
In base 15, what is -19 + 2a?
11
In base 5, what is -103044 - 0?
-103044
In base 15, what is e7 - -c?
104
In base 8, what is -2304 - 6?
-2312
In base 7, what is 3 + 2534?
2540
In base 13, what is -32b0 + 3?
-32aa
In base 13, what is 188 - -1?
189
In base 3, what is 22 - -12?
111
In base 14, what is -5c + -1?
-5d
In base 7, what is -35 - -12?
-23
In base 14, what is 16 - c?
8
In base 6, what is -15551 - 2?
-15553
In base 8, what is 4367 + -4?
4363
In base 6, what is -1 - 1230?
-1231
In base 8, what is 27 - 107?
-60
In base 10, what is 62 - -1?
63
In base 6, what is 1 + 254?
255
In base 2, what is 10110001010 - -1?
10110001011
In base 13, what is 1b7 + -21?
196
In base 7, what is 3 + 1260?
1263
In base 8, what is 201 + -2?
177
In base 3, what is 100122 + -12?
100110
In base 11, what is 820 - -2?
822
In base 2, what is -1 + 1100?
1011
In base 6, what is 21211 + 2?
21213
In base 5, what is 10 + -20?
-10
In base 15, what is 3d - 1c?
21
In base 7, what is -1 + 2422?
2421
In base 7, what is -4532 + 5?
-4524
In base 4, what is -30 - 101?
-131
In base 14, what is 12 + -218?
-206
In base 5, what is -10001 - -13?
-4433
In base 6, what is 44041 - -1?
44042
In base 11, what is -145 + -1?
-146
In base 10, what is 4 + 2121?
2125
In base 6, what is 34 - -2?
40
In base 16, what is 1 + b99?
b9a
In base 4, what is -11 + 2323?
2312
In base 15, what is -3 + 3139?
3136
In base 9, what is 7 + 78?
86
In base 12, what is -26096 + 5?
-26091
In base 10, what is 185 - -4?
189
In base 3, what is -10222 + 2?
-10220
In base 6, what is -4 + -33040?
-33044
In base 11, what is 877 - 1?
876
In base 8, what is -1 + 153?
152
In base 9, what is 187 - 6?
181
In base 9, what is 1 - -18?
20
In base 5, what is -2 + -4?
-11
In base 14, what is 5 - 24?
-1d
In base 6, what is -3 + 1550?
1543
In base 2, what is -10001 - 10110?
-100111
In base 2, what is -1 + -101001?
-101010
In base 12, what is 2 - 3?
-1
In base 4, what is -121100 + -112?
-121212
In base 11, what is 4 + 99?
a2
In base 15, what is 3 - -538?
53b
In base 9, what is 20 - -331?
351
In base 16, what is 0 + 36a?
36a
In base 15, what is -76 - 0?
-76
In base 14, what is 2 + -c4?
-c2
In base 5, what is -121122 + 0?
-121122
In base 6, what is -134 - -410?
232
In base 5, what is -2414 + -4?
-2423
In base 10, what is -1 - 42?
-43
In base 12, what is 82 + -3?
7b
In base 7, what is -1115 - -1?
-1114
In base 15, what is 3 + 32?
35
In base 9, what is 4 - -44?
48
In base 3, what is 1110220 + 2?
1110222
In base 6, what is 10 + 2?
12
In base 12, what is 212 - -4?
216
In base 9, what is 7 + 1?
8
In base 10, what is 2 + -231?
-229
In base 2, what is 10 - 1001000101?
-1001000011
In base 12, what is 53 + 54?
a7
In base 12, what is -74b - -3?
-748
In base 14, what is 5 + 1016?
101b
In base 7, what is -21063 - -2?
-21061
In base 8, what is 0 + 2646?
2646
In base 10, what is -91 + 2?
-89
In base 16, what is 147 - -2?
149
In base 13, what is -5 + -ab?
-b3
In base 8, what is 152 + -5?
145
In base 14, what is a + -5?
5
In base 3, what is 2 + 1011012?
1011021
In base 7, what is 144 - 2?
142
In base 7, what is 56 + -32?
24
In base 2, what is -101110 + 1110?
-100000
In base 2, what is -1011 - -11001?
1110
In base 7, what is -1 - -361?
360
In base 9, what is 551 + -5?
545
In base 6, what is -221 + -1?
-222
In base 3, what is 102 - -220200?
221002
In base 8, what is -3 - 305?
-310
In base 14, what is 2 - 211c?
-211a
In base 13, what is -2 - -29?
27
In base 14, what is -5 - 7a?
-81
In base 8, what is -36 - 12?
-50
In base 5, what is -4 - -12?
3
In base 5, what is -3 + -34?
-42
In base 7, what is -4 + 115?
111
In base 14, what is -196 + -6?
-19c
In base 4, what is 11 + -1123311?
-1123300
In base 15, what is 2 - -56?
58
In base 15, what is 1 + -4?
-3
In base 7, what is 6 - -230?
236
In base 3, what is -11 + -10002112?
-10002200
In base 10, what is 2 - -169?
171
In base 12, what is -5 + -33?
-38
In base 8, what is 1777 + -5?
1772
In base 4, what is 232032 + 3?
232101
In base 11, what is 4 - -1912?
1916
In base 8, what is 44 - -274?
340
In base 7, what is 1161 - -3?
1164
In base 7, what is -13 - -103?
60
In base 16, what is -1 + -64?
-65
In base 12, what is -3 + 3a7?
3a4
In base 14, what is 10 + -2a?
-1a
In base 15, what is -b0 + 1?
-ae
In base 13, what is 1 - -a?
b
In base 2, what is -1001 - 11010?
-100011
In base 6, what is 140 + 2?
142
In base 13, what is c49 + 8?
c54
In base 9, what is 7 + -34?
-26
In base 12, what is -1 - -205?
204
In base 2, what is 1010 + 1111?
11001
In base 3, what is -1 + -11111?
-11112
In base 2, what is 110100 - -100?
111000
In base 8, what is -2 - 20?
-22
In base 8, what is 1 - 517?
-516
In base 13, what is -18 - -52?
37
In base 9, what is 52 - -1?
53
In base 4, what is 2 + -3131?
-3123
In base 7, what is -1 - 32?
-33
In base 8, what is -45 - 3?
-50
In base 6, what is 3 + -1024?
-1021
In base 10, what is 5836 - 2?
5834
In base 12, what is -1a98 + 5?
-1a93
In base 11, what is 21 - 4?
18
In base 6, what is -103 + -4?
-111
In base 11, what is 1 + -3a?
-39
In base 15, what is -a731 - 2?
-a733
In base 9, what is 58 + 2?
61
In base 6, what is -23 - 32?
-55
In base 8, what is -624 - -10?
-614
In base 15, what is -3 - -470?
46c
In base 10, what is -48 - 596?
-644
In base 13, what is -23 + 2?
-21
In base 9, what is -15418 + 3?
-15415
In base 5, what is -1023 - 2?
-1030
In base 4, what is -33 - 1?
-100
In base 11, what is 652 - -3?
655
In base 15, what is d3 - 1?
d2
In base 13, what is 5a + -2?
58
In base 5, what is 2 - -232?
234
In base 14, what is -6 - 99?
-a1
In base 13, what is b + 26?
34
In base 12, what is b263 - 1?
b262
In base 8, what is -11 + 17?
6
In base 4, what is 0 - -1230?
1230
In base 7, what is 5 - -62?
100
In base 8, what is 3 + 6?
11
In base 13, what is -2cb3 + 1?
-2cb2
In base 15, what is 1 - -190?
191
In base 12, what is -7542 - 0?
-7542
In base 8, what is -5 - -76?
71
In base 7, what is 121 + 33?
154
In base 3, what is 121 - -20?
211
In base 2, what is 11011001 - 101010?
10101111
In base 12, what is -a89 + -2?
-a8b
In base 15, what is 19d + -3?
19a
In base 2, what is -10 - -10101001110?
10101001100
In base 6, what is -4 + 22?
14
In base 3, what is 1112 - 102?
1010
In base 3, what is 20101202 - 11?
20101121
In base 10, what is 128 - 6?
122
In base 13, what is -744 - -5?
-73c
In base 9, what is 4 - -1085?
1100
In base 11, what is 0 - a75?
-a75
In base 13, what is -c + 135?
126
In base 6, what is -11101 - 5?
-11110
In base 2, what is -1111011110111100 + 101?
-1111011110110111
In base 10, what is -9 + -934?
-943
In base 3, what is -122 - 12011?
-12210
In base 16, what is be6 - 4?
be2
In base 9, what is 161 + 1?
162
In base 9, what is 561 + 1?
562
In base 2, what is -1000 + -1011101011001?
-1011101100001
In base 16, what is 1 - 4c?
-4b
In base 3, wha